 highest common factor of p and v?
13
Let z be -2*(-3)/6*-122. Let s = -12 - z. Calculate the greatest common divisor of s and 11.
11
Suppose -8*c + 550 + 122 = 0. What is the highest common divisor of c and 7?
7
Let l be 2/(-4)*(-144)/9. What is the highest common divisor of 40 and l?
8
Let u(d) = -15*d + 0 + 0. Suppose -2*v + 2 = 6. Let k be u(v). Calculate the highest common factor of k and 10.
10
Let i(y) = -y**3 - 5*y**2 + 6*y + 2. Let d be i(-6). Suppose 0 = b - 7 - d. What is the highest common factor of 6 and b?
3
Let d = -10 + 6. Let r be -4 + (-2 - d) - -9. Suppose -4*h + 2*h = -70. Calculate the greatest common factor of r and h.
7
Suppose r = 2*p - 10, -4*r - 4 - 27 = -5*p. Suppose b + p = 5*i - 0*i, 2*b - 36 = -4*i. Calculate the highest common divisor of 48 and b.
12
Suppose 3*q = 5*q - 438. Suppose q = 5*w + 39. What is the greatest common factor of 24 and w?
12
Suppose -4*c - 3*v + 5 = 2, 5*c - 9 = -2*v. Suppose 0 = -7*f + 4*f + c*d + 123, -2*f + 3*d = -83. Calculate the highest common divisor of 8 and f.
8
Suppose l + 2 = 0, 18 = 2*g + 4*l + 310. Let o = g - -204. Calculate the highest common factor of 155 and o.
31
Let z(g) = -2*g + 7. Let l be z(-8). Calculate the highest common factor of l and 115.
23
Let y(n) = -6 + 3*n + 3*n - n - 8*n. Let r be y(-6). Calculate the greatest common divisor of r and 8.
4
Suppose 3*z + 60 = 2*w, -4*w + 48 = -z - z. Let t = 74 + z. What is the highest common factor of t and 14?
14
Suppose 0 = -4*h - 5*p + 463, -2*h + h = -2*p - 119. Calculate the greatest common factor of 39 and h.
39
Let y be 1*(6 + 1 + 0). Let g(v) = -3*v - 7. Let z be g(-7). Calculate the greatest common factor of y and z.
7
Suppose -3*v = v + n + 13, 5*v + 4*n + 19 = 0. Let p be 33/(-12)*(v - 1). Calculate the highest common divisor of 1 and p.
1
Let l = -426 + 654. Let x = -96 + l. Suppose -4*o + 4*y = -x, 4*o + 5*y - 24 - 63 = 0. What is the highest common factor of 4 and o?
4
Let u = -38 - -68. Calculate the greatest common divisor of 10 and u.
10
Suppose 4 + 11 = -3*s. Let p be s/1*(-20 - -3). Let c(v) = -11*v + 1. Let f be c(-3). What is the highest common factor of p and f?
17
Suppose 11*s - 339 - 1047 = 0. Calculate the highest common factor of 14 and s.
14
Suppose -2*h + 52 = 6. What is the greatest common factor of 23 and h?
23
Suppose -2*p - p = -3*n + 51, -3*n + 55 = p. Calculate the highest common divisor of 2 and n.
2
Let z(p) be the first derivative of -p**4/4 - p**3/3 + p**2 + 3*p + 3. Let v be z(-3). Suppose 0 = -3*q + 25 + 65. What is the highest common factor of q and v?
15
Let a(f) = -3*f**2 - 8*f + 1. Let n be a(-6). Let c = n - -95. Let g(i) = 2*i. Let p be g(6). Calculate the greatest common factor of c and p.
12
Let a(x) = -4*x**3 - x**2 + 3. Let h be a(-3). Let q(n) = -n**2 - n + 11. Let u be q(-8). Let r = u + h. Calculate the greatest common factor of r and 38.
19
Let x = 62 - 56. Calculate the greatest common factor of x and 5.
1
Let f(p) = 14*p - 5. Let z be f(1). Calculate the highest common factor of z and 117.
9
Suppose -13 = -79*y + 78*y. Calculate the greatest common factor of 13 and y.
13
Let x be 4/16 + 486/8. Let k = x + -30. Let y = k - -13. What is the highest common factor of 4 and y?
4
Let t = 3 + 3. Let w = 1 + t. Calculate the greatest common factor of 63 and w.
7
Let k = 63 + -60. Calculate the highest common factor of k and 1.
1
Let q(z) = 5*z + 23. Let s(g) = -14*g - 68. Let m(f) = -17*q(f) - 6*s(f). Let c be m(9). What is the highest common factor of c and 24?
8
Let a be 6/9*1 + 472/12. Let r(y) = y + 10. Let n be r(0). What is the highest common factor of n and a?
10
Suppose 4*p = -0*p - 24. Let w be (-1550)/(-35) - p/(-21). Calculate the greatest common divisor of 22 and w.
22
Let n = 38 + -32. Calculate the greatest common divisor of 6 and n.
6
Suppose 13*s = 11*s + 38. Calculate the highest common factor of s and 152.
19
Suppose 0*t + 2*t - 6 = 0. Let m be t/((-3)/(-8)) - -1. What is the greatest common divisor of m and 18?
9
Suppose 82 = 4*k - 18. Suppose 5*z = k, -i + 5*z + 5 = 4*z. Suppose -4*q + 61 = 2*f + 1, 5*f - i = 0. Calculate the greatest common factor of 2 and q.
2
Let d(m) be the first derivative of 17*m**3/3 - m**2/2 - 2*m + 1. Let v be d(2). Calculate the highest common divisor of 8 and v.
8
Suppose -2*a = 2*a - 256. Calculate the highest common factor of 8 and a.
8
Suppose -100 = -5*n - 0*n. Let h(t) = -t**2 + 10*t - 7. Let p be h(8). Let m be 8/(-3)*p/(-6). Calculate the greatest common divisor of m and n.
4
Let o(l) = 5*l**2 + 4*l - 1. Let f be (12/(-9) + 3)*3. Suppose 2*z + 1 = -3, -2*z - 19 = f*a. Let i be o(a). Calculate the highest common factor of 16 and i.
16
Let h = 6 + -4. Suppose t = -h*t + 57. What is the highest common divisor of 19 and t?
19
Suppose 4*c = -0*c + 24. Suppose 38 = -2*k + c. Let o = k + 28. Calculate the highest common divisor of o and 108.
12
Let w(a) = -a**2 - 8*a + 1. Let f be (-1)/(-2) - 30/4. Let h be w(f). Calculate the greatest common factor of 24 and h.
8
Let h be 140/(-6)*(4 + -7). Suppose h = 6*z - z. Let j(p) = p**2 + 5*p + 7. Let f be j(-5). What is the highest common factor of z and f?
7
Suppose 11*b - 108 = 508. Let s = 13 + -5. Calculate the greatest common divisor of s and b.
8
Suppose 932 + 140 = 4*o. Let y = -312 + 134. Let w = y + o. Calculate the greatest common factor of w and 36.
18
Suppose 116 - 35 = 3*s. Calculate the greatest common divisor of 18 and s.
9
Suppose -32 = -b + 5*a, -3 - 48 = -2*b - 3*a. What is the greatest common divisor of 18 and b?
9
Let j(k) = -3*k - 7. Let m be j(-5). Calculate the highest common factor of 4 and m.
4
Let w be (4/6)/(5/15). Suppose w*n + 3*p = -2*n + 112, -5*p + 112 = 4*n. What is the greatest common factor of 112 and n?
28
Let p(o) = -o**3 - 6*o**2 - 2*o - 8. Let d be p(-6). Let h(k) = k**2 - 7*k - 3. Let i be h(-7). Let b = d + i. Calculate the highest common factor of b and 9.
9
Suppose 2210 = -3*j + 13*j. What is the greatest common divisor of j and 17?
17
Suppose -b = p + 3, 3 + 17 = 4*b. Let k(j) = -30*j - 2. Let u be k(p). Calculate the highest common divisor of 34 and u.
34
Let j = -5 + 5. Suppose 4*z + z + 2*m - 84 = j, 2*z - 36 = -2*m. Let q be (-2)/(-1*1/8). Calculate the greatest common divisor of z and q.
16
Let v(o) = -2*o - 3. Suppose -4*k - 6 - 10 = 0. Let f be v(k). Let q(p) = -p**3 + p**2 + p. Let m be q(-2). What is the greatest common factor of f and m?
5
Let r(d) = -d**2 + 12*d + 31. Let s be r(13). What is the highest common factor of s and 27?
9
Suppose -2*s - 2 = -z + 20, 0 = 5*s. Let o = -16 + z. What is the highest common divisor of o and 9?
3
Let p(i) = 2*i**2. Let n be p(-1). Suppose 2*d = -3*y + 25, d = 3*d + n*y - 20. What is the highest common factor of 20 and d?
5
Let t = 683 - 251. Calculate the greatest common factor of 48 and t.
48
Suppose 6*v + 0*v - 462 = 0. Let z(f) = -3*f + 1. Let p be z(-2). What is the greatest common divisor of p and v?
7
Suppose k - 5*r + 7 = -2, -4*k = r - 48. Let i(l) = l**3 - 2*l**2 + 4*l - 7. Let q be i(5). What is the highest common factor of k and q?
11
Let n(x) = -x**3 + 9*x**2 - 6*x - 8. Let a be n(6). Let c be 6/(0 - -2) - 2. Let o be (c + 0 + 0)*8. What is the greatest common factor of o and a?
8
Suppose 3*l - 27 = -6*l. Calculate the highest common factor of l and 1.
1
Let d = -8 - -9. What is the greatest common divisor of 8 and d?
1
Suppose -67 + 15 = -4*x. Calculate the greatest common factor of x and 143.
13
Suppose 56 = 4*o - 0*o. Calculate the highest common divisor of o and 112.
14
Let g(w) be the first derivative of w**4/4 + 10*w**3/3 - 15*w**2/2 + 6*w - 1. Let q be g(-11). What is the highest common factor of 10 and q?
10
Let v(l) = l**2 + 8*l - 1. Let f be v(-9). Calculate the greatest common factor of 1 and f.
1
Let i be (-28)/6*(-108)/42. Calculate the greatest common factor of 48 and i.
12
Let o be 46/4 + 1/2. Calculate the greatest common factor of o and 132.
12
Let o be (0 + -1)*(-6)/(-3). Let a be 1/(o/(36/(-3))). Suppose -4*k = -5*z - 241, -20 - 24 = -k - 2*z. What is the highest common divisor of k and a?
6
Let p(t) = t - 8. Let g be p(15). Calculate the greatest common divisor of g and 14.
7
Suppose 108 = -i + 4*i. What is the highest common divisor of 9 and i?
9
Let w be 1866/1